{"id":15,"date":"2019-09-18T06:51:18","date_gmt":"2019-09-18T06:51:18","guid":{"rendered":"http:\/\/susanne-neuffer.de\/?page_id=15"},"modified":"2019-09-20T11:02:08","modified_gmt":"2019-09-20T09:02:08","slug":"impressum","status":"publish","type":"page","link":"https:\/\/susanne-neuffer.de\/?page_id=15","title":{"rendered":"Impressum"},"content":{"rendered":"\n<p>\n\n\t\t\t&nbsp;<a href=\"mailto:info@susanne-neuffer.de\">info@susanne-neuffer.de<\/a>&nbsp;<\/p>\n\n\n\n<p>Die Inhalte unserer Seiten wurden  mit gr\u00f6\u00dfter Sorgfalt erstellt. F\u00fcr die Richtigkeit, Vollst\u00e4ndigkeit  und Aktualit\u00e4t der Inhalte k\u00f6nnen wir jedoch keine Gew\u00e4hr  \u00fcbernehmen.<\/p>\n\n\n\n<p>Als Diensteanbieter sind wir gem\u00e4\u00df  \u00a7 7 Abs.1 TMG f\u00fcr eigene Inhalte auf diesen Seiten nach den  allgemeinen Gesetzen verantwortlich. Nach \u00a7\u00a7 8 bis 10 TMG sind wir  als Diensteanbieter jedoch nicht verpflichtet, \u00fcbermittelte oder  gespeicherte fremde Informationen zu \u00fcberwachen oder nach Umst\u00e4nden  zu forschen, die auf eine rechtswidrige T\u00e4tigkeit hinweisen.  Verpflichtungen zur Entfernung oder Sperrung der Nutzung von  Informationen nach den allgemeinen Gesetzen bleiben hiervon  unber\u00fchrt. Eine diesbez\u00fcgliche Haftung ist jedoch erst ab dem  Zeitpunkt der Kenntnis einer konkreten Rechtsverletzung m\u00f6glich. Bei  bekannt werden von entsprechenden Rechtsverletzungen werden wir  diese Inhalte umgehend entfernen.<\/p>\n\n\n\n<p>Unser Angebot enth\u00e4lt  Links zu externen Webseiten Dritter, auf deren Inhalte wir keinen  Einfluss haben. Deshalb k\u00f6nnen wir f\u00fcr diese fremden Inhalte auch  keine Gew\u00e4hr \u00fcbernehmen. F\u00fcr die Inhalte der verlinkten Seiten ist  stets der jeweilige Anbieter oder Betreiber der Seiten  verantwortlich. Die verlinkten Seiten wurden zum Zeitpunkt der  Verlinkung auf m\u00f6gliche Rechtsverst\u00f6\u00dfe \u00fcberpr\u00fcft. Rechtswidrige  Inhalte waren zum Zeitpunkt der Verlinkung nicht erkennbar. Eine  permanente inhaltliche Kontrolle der verlinkten Seiten ist jedoch  ohne konkrete Anhaltspunkte einer Rechtsverletzung nicht zumutbar.  Bei bekannt werden von Rechtsverletzungen werden wir derartige Links  umgehend entfernen.<\/p>\n\n\n\n<figure class=\"wp-block-image\"><img loading=\"lazy\" decoding=\"async\" width=\"250\" height=\"63\" src=\"https:\/\/susanne-neuffer.de\/wp-content\/uploads\/2019\/09\/greensta-logo_250px.png\" alt=\"\" class=\"wp-image-133\"\/><\/figure>\n\n\n\n<figure class=\"wp-block-image\"><img loading=\"lazy\" decoding=\"async\" width=\"140\" height=\"95\" src=\"https:\/\/susanne-neuffer.de\/wp-content\/uploads\/2019\/09\/ge_geschkd_logo_web-140x-1.png\" alt=\"\" class=\"wp-image-132\"\/><\/figure>\n","protected":false},"excerpt":{"rendered":"<p>&nbsp;info@susanne-neuffer.de&nbsp; Die Inhalte unserer Seiten wurden mit gr\u00f6\u00dfter Sorgfalt erstellt. F\u00fcr die Richtigkeit, Vollst\u00e4ndigkeit und Aktualit\u00e4t der Inhalte k\u00f6nnen wir jedoch keine Gew\u00e4hr \u00fcbernehmen. Als Diensteanbieter sind wir gem\u00e4\u00df \u00a7 7 Abs.1 TMG f\u00fcr eigene Inhalte auf diesen Seiten nach den allgemeinen Gesetzen verantwortlich. Nach \u00a7\u00a7 8 bis 10 TMG sind wir als Diensteanbieter jedoch [&hellip;]<\/p>\n","protected":false},"author":1,"featured_media":0,"parent":0,"menu_order":0,"comment_status":"closed","ping_status":"closed","template":"","meta":{"footnotes":""},"class_list":["post-15","page","type-page","status-publish","hentry"],"_links":{"self":[{"href":"https:\/\/susanne-neuffer.de\/index.php?rest_route=\/wp\/v2\/pages\/15","targetHints":{"allow":["GET"]}}],"collection":[{"href":"https:\/\/susanne-neuffer.de\/index.php?rest_route=\/wp\/v2\/pages"}],"about":[{"href":"https:\/\/susanne-neuffer.de\/index.php?rest_route=\/wp\/v2\/types\/page"}],"author":[{"embeddable":true,"href":"https:\/\/susanne-neuffer.de\/index.php?rest_route=\/wp\/v2\/users\/1"}],"replies":[{"embeddable":true,"href":"https:\/\/susanne-neuffer.de\/index.php?rest_route=%2Fwp%2Fv2%2Fcomments&post=15"}],"version-history":[{"count":3,"href":"https:\/\/susanne-neuffer.de\/index.php?rest_route=\/wp\/v2\/pages\/15\/revisions"}],"predecessor-version":[{"id":161,"href":"https:\/\/susanne-neuffer.de\/index.php?rest_route=\/wp\/v2\/pages\/15\/revisions\/161"}],"wp:attachment":[{"href":"https:\/\/susanne-neuffer.de\/index.php?rest_route=%2Fwp%2Fv2%2Fmedia&parent=15"}],"curies":[{"name":"wp","href":"https:\/\/api.w.org\/{rel}","templated":true}]}}