{"id":12,"date":"2019-09-18T06:51:17","date_gmt":"2019-09-18T06:51:17","guid":{"rendered":"http:\/\/susanne-neuffer.de\/?page_id=12"},"modified":"2022-11-30T08:25:59","modified_gmt":"2022-11-30T07:25:59","slug":"literaturpreise","status":"publish","type":"page","link":"https:\/\/susanne-neuffer.de\/?page_id=12","title":{"rendered":"Literaturpreise"},"content":{"rendered":"<div class=\"wp-block-image\">\n<figure class=\"aligncenter is-resized\"><img loading=\"lazy\" decoding=\"async\" src=\"http:\/\/susanne-neuffer.de\/wp-content\/uploads\/2019\/09\/IMG_5069-1024x682.jpg\" alt=\"\" class=\"wp-image-106\" width=\"478\" height=\"318\" srcset=\"https:\/\/susanne-neuffer.de\/wp-content\/uploads\/2019\/09\/IMG_5069.jpg 1024w, https:\/\/susanne-neuffer.de\/wp-content\/uploads\/2019\/09\/IMG_5069-300x200.jpg 300w, https:\/\/susanne-neuffer.de\/wp-content\/uploads\/2019\/09\/IMG_5069-768x512.jpg 768w\" sizes=\"auto, (max-width: 478px) 100vw, 478px\" \/><\/figure>\n<\/div>\n\n\n<ul class=\"wp-block-list\">\n<li>2021 Annerkennungspreis der Akademie f\u00fcr das gesprochene Wort zum H\u00f6lderlinjahr 2020 f\u00fcr den Text <em>Topinambur oder St\u00f6rung der Totenruhe<\/em><\/li>\n\n\n\n<li>2017 <a rel=\"noreferrer noopener\" aria-label=\"erostepost Literaturpreis (\u00f6ffnet in neuem Tab)\" href=\"https:\/\/www.facebook.com\/erostepost\/posts\/2259108214314821\" target=\"_blank\">erostepost Literaturpreis<\/a><\/li>\n\n\n\n<li>2016 <a rel=\"noreferrer noopener\" aria-label=\"Residenzstipendium f\u00fcr Hamburger Literaturschaffende im Brechthaus Svendborg (\u00f6ffnet in neuem Tab)\" href=\"https:\/\/www.hamburg.de\/bkm\/stipendien\/8914254\/literaturstipendium-brecht-haus\/\" target=\"_blank\">Residenzstipendium f\u00fcr Hamburger Literaturschaffende im Brechthaus Svendborg<\/a><\/li>\n\n\n\n<li>2014 Hamburger F\u00f6rderpreis f\u00fcr Literatur 2014 der Hamburger Kulturbeh\u00f6rde f\u00fcr die Kurzgeschichten <em>Auf dem wei\u00dfen Wagen<\/em>, <em>Fischbei , Bankett oder Ach wir Armen<\/em>. Zur Jurybewertung.<\/li>\n\n\n\n<li>2011 2. Preis im MDR-Literaturwettbewerb f\u00fcr die Kurzgeschichte <em>Minna von Barnhelm war blau<\/em><\/li>\n\n\n\n<li>2007 Walter-Serner-Preis (Literaturhaus Berlin\/Radio Berlin-Brandenburg) f\u00fcr <em>Sie h\u00f6ren im Anschluss die Nationalhymne<\/em><\/li>\n\n\n\n<li>1999 2. Preis im Bettina von Arnim-Wettbewerb der Zeitschrift \u201cBrigitte\u201c f\u00fcr <em>Das Eichendorff-Programm<\/em><\/li>\n\n\n\n<li>1996 F\u00f6rderpreis f\u00fcr Literatur der Kulturbeh\u00f6rde Hamburg (Lyrik)<\/li>\n<\/ul>\n","protected":false},"excerpt":{"rendered":"","protected":false},"author":1,"featured_media":0,"parent":0,"menu_order":0,"comment_status":"closed","ping_status":"closed","template":"","meta":{"footnotes":""},"class_list":["post-12","page","type-page","status-publish","hentry"],"_links":{"self":[{"href":"https:\/\/susanne-neuffer.de\/index.php?rest_route=\/wp\/v2\/pages\/12","targetHints":{"allow":["GET"]}}],"collection":[{"href":"https:\/\/susanne-neuffer.de\/index.php?rest_route=\/wp\/v2\/pages"}],"about":[{"href":"https:\/\/susanne-neuffer.de\/index.php?rest_route=\/wp\/v2\/types\/page"}],"author":[{"embeddable":true,"href":"https:\/\/susanne-neuffer.de\/index.php?rest_route=\/wp\/v2\/users\/1"}],"replies":[{"embeddable":true,"href":"https:\/\/susanne-neuffer.de\/index.php?rest_route=%2Fwp%2Fv2%2Fcomments&post=12"}],"version-history":[{"count":8,"href":"https:\/\/susanne-neuffer.de\/index.php?rest_route=\/wp\/v2\/pages\/12\/revisions"}],"predecessor-version":[{"id":364,"href":"https:\/\/susanne-neuffer.de\/index.php?rest_route=\/wp\/v2\/pages\/12\/revisions\/364"}],"wp:attachment":[{"href":"https:\/\/susanne-neuffer.de\/index.php?rest_route=%2Fwp%2Fv2%2Fmedia&parent=12"}],"curies":[{"name":"wp","href":"https:\/\/api.w.org\/{rel}","templated":true}]}}